lculate v(o).
7
Let j(i) = 425*i**2 + 2*i + 1 + 3*i - 4*i - 422*i**2. Let x(m) = 2*m - 2 - 2*m - m**2. Let s be x(0). Determine j(s).
11
Suppose -5*r - 18 = 4*k, -3*r + 0*r - 4*k = 14. Let c(f) = 3*f + 1. Give c(r).
-5
Let f(v) = 9 - 9 + v. Let i be f(2). Let d(t) be the third derivative of t**5/60 + t**4/24 + t**3/6 - 3*t**2. Determine d(i).
7
Suppose -x - 3*x = 3*v - 32, -3*x - 2*v + 23 = 0. Let c(z) = -3 + z + 0 + 5. What is c(x)?
7
Suppose -5*s = -11 + 1. Let d(l) = -l**3 - 6*l - 5*l**s + 5 + 0 + 5*l. Calculate d(-4).
-7
Suppose 5*m = m - 20. Let d(g) be the second derivative of -g**4/12 - 2*g**3/3 - g**2 - g. What is d(m)?
-7
Let q be (-2)/4*(-3)/30. Let p(w) be the second derivative of 5/6*w**3 + 0 - q*w**5 + w**2 + 2*w - 1/4*w**4. Determine p(-4).
-2
Suppose 4*i - 8 = -3*c, 4*c = -4*i - 0 + 12. Suppose o + c = -o. Let n(d) = -4*d**2 - 2*d + 2. What is n(o)?
-10
Let t = -44 - -43. Let k(d) = 8*d**3 + 2*d**2 + d. Give k(t).
-7
Let z(m) = 2*m + 1. Suppose -5*x - 37 = 4*j - j, -4*x + 2*j - 12 = 0. Determine z(x).
-9
Let d(n) be the third derivative of n**5/60 - n**4/24 - n**3/3 + 19*n**2. Calculate d(2).
0
Suppose 0*g + 12 = 3*t + 2*g, 2*g = 2*t + 2. Suppose v + 3*a = 12, 0 = -v + t*v + 4*a - 16. Let h(p) = -3 - 2*p + v*p - 1 + 8. What is h(3)?
-2
Let z(r) = r - 8. Let a(m) = -m**3 + 7*m**2 - 7*m + 13. Let o be a(6). What is z(o)?
-1
Suppose -4*d = -10 - 18. Let t(z) = 2*z + 8. Calculate t(d).
22
Suppose -2*c + 21 = -9. Suppose -c = -5*m - 5. Let x(a) = -5*a**3 + 5*a**2 + a + 10. Let l(d) = -4*d**3 + 5*d**2 + 8. Let n(y) = 4*l(y) - 3*x(y). Give n(m).
8
Let t(v) be the first derivative of -v**4/4 + 5*v**3/3 - 3*v**2/2 + 7*v - 1. Suppose -l = l - 10. Determine t(l).
-8
Let r(y) be the third derivative of y**5/60 - y**4/12 - 7*y**3/6 - 10*y**2. Calculate r(5).
8
Suppose 0 = -4*a + 694 - 122. Suppose -a - 57 = -5*d. Suppose -5*x + d = -5*p, -3 - 1 = p. Let z(k) = k - 3. Determine z(x).
1
Let u(d) = 4*d - 2. Let j be u(3). Suppose -2*z + 4 = 4*c, 4*z + 2 - j = -2*c. Suppose 3 + 1 = z*g. Let a(b) = -b**3 + 2*b**2 - b + 1. What is a(g)?
-1
Suppose 0 = 3*h - 4 - 2. Let x(n) be the third derivative of -1/3*n**3 + 0*n + 1/8*n**4 + 0 - 1/60*n**5 - h*n**2. Determine x(3).
-2
Let n be ((-2)/6)/((-2)/30). Suppose -3*j - 15 = 2*j + n*t, -5*j - 3*t - 7 = 0. Let w(m) be the first derivative of -7*m**3/3 - m**2/2 - 77. Determine w(j).
-8
Suppose -5*y = 15, k - 3 = 3*k - y. Let l(o) = 3*o**2 - o. Let s be l(1). Let q(j) = 5*j - 2*j + 2 + 3*j**2 - s*j**2. Calculate q(k).
2
Suppose -4*q + 5*p = 24, 4*q + 11 = p + 3. Let l = 5 + q. Suppose -v - 5*a + 14 = 0, a + 18 = 3*v + l*a. Let h(t) = -2*t + 6. Determine h(v).
-2
Let h(l) = l**3 + 18*l**2 - 18*l + 21. Let n be h(-19). Let d(q) be the first derivative of -n - 3*q**2 - 1/3*q**3 - 3*q. Calculate d(-2).
5
Suppose -3*p - 6 = 5*d, p + 9 = 2*p - 2*d. Let a(k) = k + p + 1 - 1. Let j be 2 - (5 + -2 + 5). Give a(j).
-3
Let w(o) = -o - 4. Let a be w(-7). Let i(l) = a + 3*l - 4*l**3 + 2*l**3 + l**3 - 3*l**2 + l. Determine i(-2).
-9
Suppose -4*b = -3*z + 35, 0 = -2*b - 2*z + 3*z - 17. Let o(x) = x**2 + 10*x + 9. Determine o(b).
-7
Suppose g + 4*x - 23 = -0*x, -5 = -x. Let k(j) = 4*j**2 - g*j + 3 + j - 4 + 0*j. Calculate k(-1).
5
Let j be (2 + -1)/(-1) + 5. Suppose -j*g - 20 = g. Let r(k) = -4*k + 1. Give r(g).
17
Let o(h) = 2*h + 1. Let r be (-8)/(-28) + (-16)/7. Let a be (-28)/(-21) - r/(-6). Determine o(a).
3
Suppose 2*g + 18 - 4 = 2*n, -3*n = 5*g + 11. Let q(a) = -a - 4 + 4*a - 4*a. Give q(g).
0
Suppose 2*k - 7*k = 10. Let q(s) be the second derivative of 0 - 5/6*s**3 + 4*s - s**2. Determine q(k).
8
Let q(y) be the third derivative of 7*y**5/120 + y**3 + 2*y**2. Let v(j) be the first derivative of q(j). Let m be ((-2)/3)/((-6)/9). Determine v(m).
7
Suppose 5*x - 2 - 13 = 0. Suppose 0*s + x = s. Let y(f) = s + 1 - 4*f + 3*f. Determine y(3).
1
Let a be (1 + -1 + -1)*-6. Let s(x) = 5*x - 3*x - 9 + 6. Give s(a).
9
Suppose -4*y = 5*a + 120, 3*a - 4*a = -y + 15. Let k be (a/(-6))/(12/18). Let i(j) = j**3 - 6*j**2 + 3*j + 4. Give i(k).
-6
Suppose 0*o - 4 = 4*o. Suppose 0 = -w + 5*w - 4. Let m be -1 + w/o + 7. Let t(r) = r**3 - 5*r**2 - 3*r + 7. Determine t(m).
-8
Let k(h) = 2*h - 6. Let p be k(5). Let d(c) = 2*c + 2*c**3 - 91*c**2 - c**3 + 87*c**2. What is d(p)?
8
Let n(h) be the second derivative of h**3/3 + h. Let z(p) = -2*p + p + 45 - 45. Let q(b) = 2*n(b) + 2*z(b). What is q(3)?
6
Suppose 5*y + 0*y - 85 = 3*h, 2*y - 55 = -3*h. Let z = 0 - -6. Suppose y = f - z*f. Let b(x) = -x**3 - 4*x**2 + 2*x + 2. Calculate b(f).
-6
Let m be ((-2)/4)/((-1)/10). Let u(d) = -m*d + 2*d + 0 + 3 + d. Suppose 7 = 3*s - 5. Calculate u(s).
-5
Let n(u) = -u**3 - 4*u**2 + 4*u - 7. Suppose -4 - 16 = 4*l. What is n(l)?
-2
Let n(w) = 2*w + 3*w - 2*w**2 - 3*w**2 + 0*w + 1 + w**3. Determine n(4).
5
Suppose 2*q = x - 1, 5 + 8 = 4*q + x. Let r be (-16)/(-6) + (-2)/3. Let h(z) = -2 + 2*z**r + 3*z + 0 - 4*z**2. Calculate h(q).
-4
Suppose -5*h = -5*u + 10, 0 = 5*h - 2 - 8. Let q(f) = -2 - 3 + 2*f + 1. Give q(u).
4
Suppose -2*z = -z + 1. Let g(c) be the first derivative of -4*c**2 - 3*c - 15 + 18 + 2*c. Calculate g(z).
7
Let t = -30 - -17. Let f be -3 + 0 - 1*t. Let q = -6 + f. Let b(r) = r**3 - 5*r**2 + 4*r - 1. Give b(q).
-1
Let j(v) = -5*v + 1. Let w(s) = -s. Let g(i) = -j(i) + 6*w(i). Suppose 32*k - 28 = 39*k. Calculate g(k).
3
Let n be (-1)/3*(-6)/2. Let g(v) be the third derivative of -3*v**5/20 - v**4/24 + v**3/6 + 2*v**2. Calculate g(n).
-9
Let n(t) = t + 17. Let w(s) be the second derivative of s**3/3 + 13*s**2 - s. Let x(m) = -8*n(m) + 5*w(m). What is x(5)?
4
Let k be 1/(3/(-9)) - 1. Let z(c) = 0*c**2 - 4*c**2 - c**3 + 0*c**2. Calculate z(k).
0
Suppose 2 = l + 4. Let h(y) = 3*y**2 - 2*y - 3. Give h(l).
13
Let j(n) = n**3 + 8*n**2 + 8*n + 10. Suppose -6 = -2*a - 4*s, 6*a - 4*s + 27 = 5*a. Determine j(a).
3
Let r(t) = 8*t**2 - t**3 + 2*t**2 - 16*t**2 + 3*t + 9*t**2 - 3. Give r(2).
7
Let g be -1*(0 - (-1)/1). Let y be 3 - (-8 - g)*-1. Let q(s) = -s**3 - 2*s**2 + 4*s - 3. What is q(y)?
13
Let c(n) be the second derivative of 6*n + 0*n**2 + 0 + 1/12*n**4 - 1/3*n**3. What is c(-2)?
8
Let o(r) = 0 + r**3 + 4*r - 4*r + 4*r**2 + 1 - 3*r. Suppose -13*g = -9*g + 20. Calculate o(g).
-9
Let r(t) = -4*t**2 + 2*t + 1. Let h be 1/(-2 + (6 - 3)). Let y be -1*(-2)/(-2)*h. What is r(y)?
-5
Let p(y) = -2*y - 1. Let z(s) be the second derivative of -s - 1/2*s**2 - 1/6*s**3 + 0. Let w(u) = 2*p(u) - 3*z(u). Determine w(5).
-4
Let y(c) be the second derivative of -c**4/3 - c**3/6 + c. Let u(i) = i**2 + 3*i + 2. Let z be u(-3). Suppose -z*w - 1 = 1. Give y(w).
-3
Let w(m) = -m**3 + 5*m**2 - 5*m + 6. Suppose 4 = -3*t + 4*t. What is w(t)?
2
Let r(k) = k**3 + 4*k**2 - 10*k + 10. Let h be r(-6). Let u(x) = -2*x**2 - 2. Calculate u(h).
-10
Let q(g) = -g**2 + 8*g - 2. Let l(w) = 2*w**2 - 15*w + 3. Let n = 3 + -6. Let f(p) = n*l(p) - 5*q(p). Determine f(3).
7
Let y = 13 + -5. Let z be (-2)/4 - 4/y. Let r(q) = 2*q**2 + 2*q - 1. Let l(b) = 2*b**2 + 3*b - 1. Let n(w) = -4*l(w) + 5*r(w). Calculate n(z).
3
Let k(t) = -2*t + 5. Let o = 204 - 198. Give k(o).
-7
Let r(j) = j. Suppose 7 = -2*a - 1. Let t be a/(-16) + 15/4. Give r(t).
4
Let v(j) be the second derivative of -1/2*j**2 + 0 - 5/3*j**3 - 3*j. Let a be (2/4)/(1/2). Calculate v(a).
-11
Let u(y) be the second derivative of y**4/12 - 7*y**3/6 + 3*y**2 + 4*y. Let z = -8 - -11. Suppose -16 = -z*b - 4. Determine u(b).
-6
Let d be 14/(-49) + 2/7. Let y(j) = -j - 4. Calculate y(d).
-4
Let c(d) = 3*d + 2. Suppose 5*n = 3*b - 5, -n + 2*b + 3*b = 23. What is c(n)?
8
Let g(h) = 5*h - 6. Let w(o) = -5*o + 7. Let z(p) = 5*g(p) + 4*w(p). Let r(i) = 6*i - 1. Let v(a) = 3*r(a) - 4*z(a). Suppose -2*f - 1 + 9 = 0. Determine v(f).
-3
Let l(c) = -7*c**2 + c. Suppose 0*h + 4*g + 19 = -h, -5 = g. Suppose -h = 2*z - 3*z. What is l(z)?
-6
Let u(g) be the second derivative of g**3/6 + 3*g**2/2 + g. Let c = 10 - -3. Let s = c + -16. What is u(s)?
0
Let j(p) = -p**2 - 7*p - 1. Let l be j(-7). Suppose 3 = g, -94 = -5*q - 3*g + 120. Let x(f) = 19 + 23 + 6*f**2 + 2*f - q. Give x(l).
5
Let c(i) be the third derivative of i**4/24 + i**3/2 - 2*i**2. Give c(-5).
-2
Let x(m) be the second derivative of -m**4/12 + m**3/6 - m**2/2 - 48*m. Calculate x(1).
-1
